 + 66*z. Let i(f) be the second derivative of j(f). What is i(-5)?
3
Let c(u) = 504*u - 2 - 997*u + 15 + 495*u. Let g be 1/2 + (-6)/12. Calculate c(g).
13
Let n(j) = -j**2 + 9*j + 67. Let c be n(-5). Let v(w) = -w**3 - 4*w**2 + 4*w - 11. Let z(q) = q**3 + 4*q**2 - 3*q + 8. Let k(a) = c*z(a) - 2*v(a). Give k(-4).
-6
Let w(y) = 63 + 67 - 235 + 39 + 7*y. Calculate w(13).
25
Let t(z) = 22*z**3 - 9*z**2 - 9*z + 26. Let r(k) = -83*k**3 + 37*k**2 + 35*k - 103. Let a(f) = -4*r(f) - 15*t(f). Give a(6).
-44
Suppose -3*c - 8 = 13. Let f(j) be the second derivative of -39*j + 9/2*j**2 + 1/6*j**3 + 0. Give f(c).
2
Let z(c) = -6*c**3 + 36*c**2 - 9*c**2 - 87 - 61*c + 7*c**3 + 0*c**3. Let u be z(-29). Let n(l) = l**3 - l**2 - l + 18. Give n(u).
18
Let s(n) be the second derivative of n**5/20 - 9*n**4/4 + 25*n**3/6 + 25*n**2/2 - 117*n. Give s(26).
-1
Let i(z) = -17*z**2 + 8*z - 3. Let j(b) = 37*b**2 - 14*b + 8. Let y(v) = -9*i(v) - 4*j(v). Determine y(4).
11
Suppose 0 = 5*p + 5*k + 50, 6*k = 8*k + 8. Let j be (-1)/p*-9 - 9/(-6). Let x(u) = u + 20. Calculate x(j).
20
Suppose 2*y + 13 = 2*w - 3*y, 2*w - 3*y - 11 = 0. Suppose -3*l - 11 = -4*u, -u - 7 = 5*l - w. Let s(t) = 3*t**2 - t - 1. What is s(l)?
3
Suppose -4*d - 5*q = 33, -2*d + 45*q - 44*q = 13. Let a(h) = -h**2 + 5*h + 81. Determine a(d).
-3
Let j(v) = v + 5. Let l be 102/(-25) - -4 - (-2230)/(-250). Give j(l).
-4
Let q(v) = -v**3 + 13*v**2 + v + 4. Let l = 64 + -69. Let x be 2/2*l/10*-26. What is q(x)?
17
Let m(y) be the third derivative of 2*y - 1/6*y**3 + 0 + 87*y**2 - 1/120*y**6 + 1/12*y**4 + 7/60*y**5. Suppose 0 = -2*k - 3 + 17. Determine m(k).
13
Let w(n) = n**3 - 15*n**2 + 53*n - 10. Let o be w(5). Let p be (2 + o/(-2))*(39 + -29). Let j(h) = h**3 + 3*h**2 - 11*h + 3. Give j(p).
8
Let g be (6/9)/(6/27). Let x = g + -4. Let m(y) = 95*y**2 + 54*y + 16. Let a(s) = -19*s**2 - 10*s - 3. Let p(z) = -11*a(z) - 2*m(z). Determine p(x).
18
Let k = 3212 + -3214. Let c(q) be the second derivative of q**3/6 - q**2/2 - 3*q. Calculate c(k).
-3
Let v(u) = -u**2 + u. Let a be v(0). Let i = a + -6. Let n(g) = -215*g + 18. Let j(c) = 376*c - 33. Let s(r) = -4*j(r) - 7*n(r). Give s(i).
0
Suppose -46*r + 3151 = 2415. Let k(j) = 2*j**3 - 32*j**2 + 2*j - 39. What is k(r)?
-7
Let m(p) be the first derivative of p**2/2 - 2*p + 144. Let r(s) = -6*s + 28. Let a(k) = 5*m(k) + r(k). Give a(12).
6
Let s(d) be the third derivative of d**4/24 - 13*d**3/6 - 1745*d**2. Give s(8).
-5
Let p(r) = 2*r - 11. Let b be 29 + 0/8 + 5/1. Suppose -19 = -t - 0*t + 3*g, 4*t = g + 21. Suppose 0 = f + t*q, -b = -f - 4*f - 3*q. Give p(f).
5
Let t = 586 - 589. Let g(u) = u**3 + 4*u**2 + 7*u + 9. Give g(t).
-3
Suppose -4*h + 418 = 410. Let l(y) = 137*y**2 + 1. Let m be l(-1). Let p(a) = 6*a - m - a + 134 - a**3 + a**h. Calculate p(3).
-7
Let v(f) = -f**3 + 9*f**2 - 7*f + 10. Suppose -19*l - 146 = -279. Give v(l).
59
Suppose -2*d - 7*b + 71 = -4*b, -4*b + 108 = 3*d. Let s(w) = -2*w**3 - 3*w - d - w**2 + 45 + 2*w**2 + w**3. Give s(2).
-5
Let g(a) = a + 4. Suppose 4*u - q - 26 - 24 = 0, 5*u = 5*q + 55. Suppose u*f = f - 15*f. Determine g(f).
4
Let f = -17258 + 17262. Let s(a) be the second derivative of -1/6*a**3 + 1/12*a**f + 0 - 28*a + 1/2*a**2. Calculate s(1).
1
Let o(y) = -174*y + 29. Let w(m) = 217*m - 34. Let v(i) = 5*o(i) + 4*w(i). Let d be 3 + 1 + (-1)/(-1). Give v(d).
-1
Let s be 0 - 0 - -14 - -9. Let r(w) = -w**2 + 17*w + 92. Calculate r(s).
-46
Let n(d) be the second derivative of -d**6/120 + d**5/10 - d**4/24 + 325*d**2/2 - 18*d - 1. Let p(v) be the first derivative of n(v). What is p(4)?
28
Let h(k) = 32 + 42 + 37 - 120 - 3*k. Give h(-2).
-3
Suppose -4*g + 2*q + 10 = 0, 1 - 12 = -2*g - 5*q. Suppose g*u - 14 = -d, 5*d + 14 = 5*u + 9*d. Let n(t) = -t**2 + 6*t + 4. What is n(u)?
4
Let n(x) = 2*x**2 + 2*x - 4. Let k(s) = 41*s + 1101. Let y be k(-27). Calculate n(y).
56
Suppose -4*r = 4*p, -3*r = -4*r + 2*p. Suppose x + 4*s - 13 = r, 2*x = 2*s + 2*s - 10. Let g(t) = 7*t + t**3 - 1 - 3 + 13 - 7*t**2 - x. Give g(6).
14
Suppose -5*k = 2*p - 1, 5*k + 6 = 3*p - 8. Suppose -3*j - 2*j + 215 = 0. Let s(m) = -j - p*m - 44 + 86. Determine s(-1).
2
Let y(q) = -5*q**2 - 50*q + 7. Let v be y(-10). Let j(c) be the second derivative of c**3/6 - 6*c**2 + 37*c. What is j(v)?
-5
Suppose g = 2*g. Suppose g*z - 14*z = -140. Let x(c) = -c**3 + 9*c**2 + 8*c. Give x(z).
-20
Let u(j) = j**2 + 5*j - 1. Suppose -9*r = 10*r - 380. Suppose -r*g = -24*g - 12. Calculate u(g).
-7
Let k be 24 - 28 - (-10 - -1). Let p(r) = -8 - 3*r + 2*r + 14. What is p(k)?
1
Suppose 5*y - 20 = 0, 202 = -2*t + 4*t - y. Let o = t + -107. Let k(q) = -q**2 + 0*q**2 + 0*q - q. Determine k(o).
-12
Let c(b) be the first derivative of 2*b**3/3 + 19*b**2/2 + 11*b + 3170. What is c(-7)?
-24
Let p(g) = -g**3 + 4*g**2 + 5*g - 4. Let r be p(4). Suppose -a + 3*q = -16, -3*q = -7*q - r. Let w(d) = 2*d + a*d - 8*d. Calculate w(6).
-12
Let f(n) = -n + 9. Suppose 15*h = 3563 - 638. Suppose 29*d + 10*d - h = 0. Calculate f(d).
4
Let z(g) be the third derivative of 5/24*g**4 + 0 + 72*g**2 - 2/3*g**3 + 0*g. Give z(4).
16
Suppose 4*n - 7 = -j, -j - 3*n + 7 = 3. Let z(s) be the third derivative of s**6/120 + s**5/12 - s**3/3 + 13*s**2 + 5*s + 3. Determine z(j).
-2
Let b(q) = -q**2 - 13*q - 29. Suppose -21 = -8*x - 101. Let z be b(x). Let c(v) = 4*v - 6. Let y(l) = -l + 1. Let f(g) = z*c(g) + 5*y(g). What is f(-6)?
5
Suppose 0 = 3*t - f - 11 - 5, 0 = 3*f + 3. Suppose 5 = 4*h - g + 6*g, 0 = -t*g + 25. Let c be ((-4)/h + -2)/((-2)/(-5)). Let s(a) = -a**2 - 7*a. Give s(c).
12
Let g(i) be the third derivative of i**5/4 + i**4/4 - 5*i**3/6 - 2164*i**2. Calculate g(1).
16
Let t(n) = n**2 - 3*n - 6. Suppose 2*f + 15 = h, 0 = -5*h - 20 - 5. Let a be (-7)/((-21)/(-15)) - f. Determine t(a).
4
Suppose 33*h = 31*h + 4. Suppose 284 - 294 = -h*g. Let v(a) = 7 - 3 - 2 + 3*a. Determine v(g).
17
Let m(c) = 2*c**2 - 9*c + 18. Suppose 33*y - 14*y = 76. Let w be m(y). Let s(n) = -n**3 + 15*n**2 - 14*n + 6. Determine s(w).
6
Let d(u) = 194*u - 37. Let m(p) = 90*p - 18. Let n(q) = -6*d(q) + 13*m(q). Determine n(8).
36
Let u(y) = -7*y + 16. Suppose 591*o - 606*o + 214 = 49. What is u(o)?
-61
Let z(i) = i + 0*i + 5*i - 1. Let c = -278 + 100. Let t = c + 177. Give z(t).
-7
Let u(c) = c**3 - 5*c**2 - 2*c + 5. Let w = -706 + 710. Suppose -w*h + 181 = 161. Give u(h).
-5
Let b(c) = -5*c**2 + c. Let u be (572/6)/((-13)/(-78)). Let a = -571 + u. Calculate b(a).
-4
Let o be (-2)/3 + ((-16)/(-36))/((-9)/(-216)). Let m(y) be the third derivative of y**4/24 - 4*y**3/3 + 15*y**2. What is m(o)?
2
Let p(l) = l**2 - 8*l - 59. Suppose -40*w + 50 = -3*d - 35*w, d + 9*w - 58 = 0. Determine p(d).
6
Let i(a) be the first derivative of a**3/3 - 5*a**2 - 92*a + 6306. Give i(16).
4
Let l(j) = 11*j**3 + 11*j**2 + 6*j - 39. Let p(v) = -27*v**3 - 23*v**2 - 12*v + 85. Let a(u) = -5*l(u) - 2*p(u). Give a(-8).
9
Let b(j) = 29*j**2 - 30*j - 24. Let l(t) = -8*t**2 + 8*t + 6. Let o(k) = -3*b(k) - 11*l(k). What is o(-7)?
41
Let p(w) = w**3 + 12*w**2 + 14*w + 20. Suppose 24*o - 23*o = -34*o - 385. Give p(o).
-13
Let d(t) = -2*t**2 - 3*t + 1. Suppose 0*y + q = -y + 4, 3*y - 3*q = 18. Suppose 0 = -y*n + 239 + 286. Let f = n - 103. Calculate d(f).
-13
Let f(u) = -u**2 + 5 + u + 9*u - 4. Let y be (11 - 2)/((-48)/(-128)). Suppose y*c = 285 - 69. Determine f(c).
10
Let v(k) = 9*k**2 - 13*k + 12. Let j(b) = 2*b**2 - 41 + 16 + 13 + 11. Let l(w) = 4*j(w) - v(w). Calculate l(14).
-30
Let q be (-7 - (-3 - -6)) + 11 + -6. Let o(p) = 2*p**2 + 7*p - 14. Give o(q).
1
Suppose r - 6 = -2*r. Let v(l) = -10*l + 35. Let h(y) = -y + 4. Let j(d) = -d + 16. Let z be j(-2). Let c(n) = z*h(n) - 2*v(n). Calculate c(r).
6
Let o(r) be the first derivative of -7*r**4/12 - r**2/2 + 98*r + 188. Let k(p) be the first derivative of o(p). Calculate k(-1).
-8
Let i(k) = 11*k**3 - 50*k**2 + 8*k - 126. Let u(d) = 4*d**3 - 17*d**2 + 3*d - 44. Let l(g) = 6*i(g) - 17*u(g). Give l(-5).
-18
Let t(o) be the second derivative of -o**4/6 + 19*o**3/6 - 33*o**2/2 - 3231*o. Calculate t(7).
2
Let g(i) be the second derivative of i**5/20 - 23*i**4/12 + 13*i**3/3 + 7*i**2 - 51*i - 88. Give g(22).
102
Let a(i) = i**2 + 3*i + 2. Let d be a(-3). Let w(z) = -5*z - d - 3 - 2 + 4*z. What is w(-10)?
3
Suppose -40 = -257*k + 